2)*8/(-2). Suppose -4*q = -4 - 12. Suppose 5*l + 17 + r = 0, 4*t = -q*l + 340. What is the units digit of t?
0
Let v(n) = 4*n**2 - 4*n. Let p be v(-4). Let u(o) = 25*o**3 + o**2 + o. Let d be u(1). Suppose x - p = -d. What is the tens digit of x?
5
Let n(h) be the third derivative of -17*h**4/12 + 10*h**3/3 - 15*h**2. Let f be n(-4). Suppose -4*g - x = 3*x - 264, 4*x = 2*g - f. What is the tens digit of g?
7
Suppose -1682 - 790 = -4*h. Suppose -2*q = q - h. Let s = 328 - q. What is the tens digit of s?
2
Let v(z) be the third derivative of 19*z**4/24 + 23*z**3/6 + 4*z**2. Let p be v(3). Suppose 2*l = p + 42. What is the units digit of l?
1
What is the ten thousands digit of ((-6)/21)/(6/1080870*-5)?
1
Let u be 3 - (19 + (1 - -3)). What is the hundreds digit of 391 - (-5)/(u/4)?
3
Let a(i) = 233*i - 281. Let d(q) = -465*q + 560. Let t(f) = -5*a(f) - 3*d(f). What is the thousands digit of t(9)?
1
Suppose 3*d - 27582 = -3*y, 0 = -2*y + 7*d - 5*d + 18400. What is the hundreds digit of y?
1
Let t = 121 + -119. Let k(f) = -30 + f**t - 8*f - 11*f + 23*f. What is the units digit of k(-18)?
2
Let v = 1089 - 614. Suppose 0 = 2*j + 99 - v. Suppose 3*u + j = i + 469, -5*i = 25. What is the tens digit of u?
9
Suppose 30*i = 1307973 - 3573. What is the ten thousands digit of i?
4
Let f = 810 - 1764. What is the units digit of (80/(-15) + 2)/(6/f)?
0
Let x(l) = 3*l**2 - 23*l - 78. Let d(k) = -2*k**2 + 15*k + 52. Let f(a) = 8*d(a) + 5*x(a). Let j be f(-5). What is the units digit of j/(-6)*(-4)/((-8)/3)?
6
Let v(w) = 84*w**2 - 176*w + 1861. What is the ten thousands digit of v(11)?
1
Suppose 101*u = 98*u + 3. Suppose b = -2*b - 15. What is the units digit of (-836)/(-22) - (u + b)?
2
Let o(v) be the second derivative of v**4/2 - 35*v**3/6 + 61*v**2 - v + 78. What is the hundreds digit of o(8)?
2
What is the units digit of (4 - 56/10) + 1920490/275?
2
Let j = -8774 + 24889. What is the thousands digit of j?
6
Let x(l) = l**3 - 8*l**2 + 26*l - 39. Let c be x(13). Suppose 5*s - 6 - c = -4*k, 3*k = 0. What is the hundreds digit of s?
2
Suppose 83*i + 762791 - 4200298 = 1916159. What is the hundreds digit of i?
5
Suppose 3*x - 8 = -x. Let y(p) = 16*p**x + 72*p + 18 - 89*p - p**3 + 3*p**2. What is the tens digit of y(18)?
3
Let r be (-6)/(-2) + -3 - (5 + -7). Suppose r*w + w = -666. Let x = 367 + w. What is the units digit of x?
5
Suppose -583 = -40*o + 1897. Suppose -50*j + o + 1038 = 0. What is the units digit of j?
2
Suppose 0 = -v - 1, 97*l = 101*l + 5*v - 242247. What is the units digit of l?
3
What is the hundreds digit of 12/(-96) + 94*(-8390)/(-160)?
9
Suppose -144*q - 110246 = -1570694. What is the tens digit of q?
4
Suppose 0 = -192*j + 4369149 + 2927043. What is the tens digit of j?
0
Suppose 6*u - 5*t = 4*u + 90301, -t = 4*u - 180635. What is the units digit of u?
8
Let v be (3 - 2) + 1169 + 27. Let k = v + -665. What is the tens digit of k?
3
Let k(a) = a - 1. Let x(z) = -22*z**3 - 3*z**2 - 9*z + 7. Let y(l) = -4*k(l) - x(l). What is the hundreds digit of y(2)?
1
Let m(u) = u**3 - u**2 - 2*u + 55. Let d be m(0). Suppose x + 15 - d = 0. Suppose -48*n + 46*n + x = 0. What is the units digit of n?
0
Suppose 3*l - m - 169871 = 0, -4*m = -5*l - 7*m + 283137. What is the hundreds digit of l?
6
Suppose b = 5*m - 13, 0*m - 2*b = 2*m + 2. Suppose j + 4 = -m*j + 4*v, 3*v = -j + 16. Suppose -g = q - 79, -j*q - 2*g = -3*g - 306. What is the tens digit of q?
7
Let k(c) be the second derivative of -7*c**3 + 10*c**2 + 10*c. What is the units digit of k(-1)?
2
Let i be (3 + (-221)/(-5))*5. Suppose 6*h + i = 4*h. Let m = h + 175. What is the tens digit of m?
5
Suppose 14*a - 4*a = 960. Suppose -212 = -4*m + a. What is the tens digit of (m/44)/((-2)/(-64))?
5
Suppose 4*f = 2*f - s - 15, 0 = -3*f + 3*s - 27. What is the hundreds digit of (-293 + -1)*(f/16 + -3)?
0
Suppose 275248 + 117492 = 112*t - 63996. What is the tens digit of t?
7
Suppose -5*p = -5*q + 13045 + 710, 0 = 4*q + 5*p - 11022. What is the thousands digit of q?
2
Let c(t) = -24*t + 211. Let m be c(-14). What is the tens digit of m + (-360)/135*6/(-4)?
5
Let g be 0 + 1 + -4 + -143. Let j = g + 232. What is the units digit of -1*j/(-2)*1?
3
Suppose 38977 + 29551 = 2*r. What is the ten thousands digit of r?
3
Let u be (-7)/28 - (-18)/8. Let n be ((-1)/u)/(5/(-20)). What is the tens digit of n + 92 + (1 - -2)?
9
Let c(b) = b**2 + 3*b. Let v be c(0). Suppose v = -17*x + 10*x + 3598. What is the units digit of x?
4
Let u(d) = -d**3 + d**2 - 2*d + 3. Let g be u(2). Let v be ((-2)/(8/12) + g)*-1. Suppose -354 = -11*t + v*t. What is the hundreds digit of t?
1
What is the units digit of ((-119744)/(-288))/((-3)/(-81))?
6
Let v = 5925 - -1337. What is the units digit of v?
2
Let f = -139 + 681. Suppose d - 180 = -2*o, -4*o + 170 = 4*d - f. Suppose 836 = 5*l - p, 2*p + d = l + 4*p. What is the tens digit of l?
6
Suppose 3*i = -18, -56796 = -37*n + 32*n - 4*i. What is the tens digit of n?
6
Let l(k) be the first derivative of -41*k**2/2 + 28*k + 38. What is the units digit of l(-8)?
6
Let w(x) = 32 + 7*x**2 + 4*x - 7*x**3 - 2*x**3 - 31. Let c(o) = -8*o**3 + 6*o**2 + 3*o + 1. Let v(h) = 6*c(h) - 5*w(h). What is the units digit of v(-2)?
3
Suppose -l + 5*f = -1304, 3*l + 2*f = 1405 + 2422. What is the tens digit of l?
7
Let v(n) = 6*n - 21. Let z be v(4). Suppose 3*u - z*b = b + 10, -4*u + 12 = -5*b. What is the units digit of u - -13*(2 + -1) - 2?
9
Let x = 410 - 372. Suppose 0 = 3*w - 13*v + 15*v - x, 0 = 2*v + 10. What is the tens digit of w?
1
Let s(y) = 9970*y + 1328. What is the ten thousands digit of s(2)?
2
Let j = -74 + 77. Let y(s) be the first derivative of 5*s**3/3 + 7*s**2/2 + s - 2. What is the tens digit of y(j)?
6
Suppose n = -5, -31*q - n - 17 = -34*q. Suppose -2*z + 2464 = 3*o, 5*o + q*z = 2235 + 1875. What is the tens digit of o?
1
Let j(z) = 9*z**2 + 3*z**3 - 2*z**3 - 11*z + 0*z**3 - 22 - z. Let g be j(-10). What is the tens digit of 4 + 1142/11 + g/(-11)?
0
Let o be (2 + 0)/(15/(-10))*-3. Suppose -c + 0 = -o. Suppose -f + c*f = 48. What is the units digit of f?
6
Let p(d) = -d**3 + 23*d**2 - 5*d + 34. Let i be p(21). Suppose i - 276 = b. What is the tens digit of b?
3
Let w(m) be the third derivative of m**4/12 - 5*m**3/2 + 45*m**2. Let d be w(9). Suppose j = 3*k + 130, -2*k - 182 = -d*j + 201. What is the units digit of j?
7
Suppose -5*k - 3045 = -11660. What is the thousands digit of k?
1
What is the tens digit of (-956679)/(-15) - -3 - (30/25)/(-3)?
8
Suppose -14*n - 6340 = -24302. Let m = n - 424. What is the hundreds digit of m?
8
Suppose -r + 12 = 9. Suppose r*s - 5*q = -444, 0*s - 4*s - 592 = 5*q. Let b = -80 - s. What is the tens digit of b?
6
Suppose 0 = -324*v + 295*v - 87. Suppose -2*g + g = 4, 5*j + 3*g = -27. What is the tens digit of (-2 - v) + j + 27/1?
2
Let x be (-7174)/8 - 135/(-180). What is the hundreds digit of 1/(3/(-12)) - (x - 4)?
8
Let k = -82 - 8. Let a = k + 114. Let s = 4 + a. What is the units digit of s?
8
Suppose 0 = -4*p + 4*h + 4, 2*h = 5*p + 7*h - 55. What is the hundreds digit of p/15 - (4 + 19652/(-20))?
9
Let v = -78 - -51. Let o = 30 + v. Suppose -73 = o*w - 4*w. What is the units digit of w?
3
Let c = -60744 - -117509. What is the units digit of c?
5
Let d(x) = -34*x - 34. Let p(k) = 1. Let a(l) = -d(l) - 2*p(l). What is the hundreds digit of a(5)?
2
What is the tens digit of (4/(-6))/(96/(-361872))?
1
What is the thousands digit of (-11 - 26/(-2))*514?
1
Let d = -89 - -92. Let o be 11039/57 + (-2)/d. Suppose -6*y = -661 + o. What is the tens digit of y?
7
Suppose 0*l + 3*z + 5 = -2*l, z + 35 = -4*l. Let i(n) = 3*n**2 - 8*n - 43. Let t be i(-4). Let b = l + t. What is the units digit of b?
7
Let s(a) = -6*a + 43. Suppose -5*l = 3*p + 18, -3*l + 64 = -5*p - 0*p. Let i be s(p). Let w = i + -70. What is the units digit of w?
9
Let y = 48 + -48. Suppose -l + 3 = -y*l. What is the tens digit of (2/3 - 458/(-6)) + l?
8
Let j be (-1 - 2 - -5 - 5)/1. What is the units digit of -8 - (7 + j)*-1 - -601?
7
Let t = -11711 - -18023. What is the tens digit of t?
1
Let q(c) = c**2 - 10*c - 7. Let v be q(16). Let d = 447 - v. What is the units digit of d?
8
What is the hundreds digit of (50531/507)/((-1)/(-219))?
8
Suppose -34*m + 40*m - 18 = 0. Let g(n) = 3*n + 22 + n + 17*